e number?
True
Suppose -7*c + 2041 = -11042. Suppose c*b = 1863*b + 100038. Is b a composite number?
False
Suppose 24*c - 780 - 324 = 0. Suppose c*r = 45*r + 797. Is r prime?
True
Suppose 1 = 4*l + 49. Is 54018/14 + l/(-21) + 0 prime?
False
Let c(h) = -10*h**3 + 12*h**2 + 6*h + 73. Let d be 70/(-30)*(1 - -2) - 3. Is c(d) prime?
True
Let y(k) = k**3 - 10*k**2 + 8*k + 12. Let h be y(9). Let f(b) = 20*b - 11*b - 5*b - h*b**2 + 163 + 2*b**2. Is f(0) composite?
False
Let d(j) = 1281*j**2 + j + 15. Let w(s) = -3*s - 51. Let k be w(-16). Is d(k) a composite number?
True
Let i = 227003 + -150708. Is i composite?
True
Let l(m) = 10*m + 83. Let g be l(-8). Suppose -4*h + 6675 = 5*d + h, -g*h = -4*d + 5354. Is d prime?
False
Suppose -5*h = -6*h + 1. Let y = 14 + h. Let p(b) = -b**3 + 17*b**2 + 21*b + 22. Is p(y) composite?
False
Let r(a) = -295*a + 91*a + 77 - 51 + 63. Is r(-10) a prime number?
True
Suppose 5*j = -4*b + 92691, -8*j + 3*b = 36199 - 184514. Is j prime?
True
Let v(q) = 8*q**2 - 2*q + 1. Let m be v(1). Let u(n) = 142*n + 156*n - 248*n - 7 - 12. Is u(m) a composite number?
False
Suppose -215 + 90 = -25*v. Suppose 24275 = 2*z + v*i + 9282, 0 = -4*z + 5*i + 30001. Is z prime?
True
Suppose -2*j = -5*j + 1689. Let n(s) = s**2 + 19*s + 50. Let c be n(-16). Suppose -1115 = -c*f + j. Is f prime?
True
Let q = -121648 - -176477. Is q prime?
True
Let v be 20/70 - (-60)/(-14) - -37836. Let r = -19089 + v. Is r a composite number?
False
Suppose 118 = -8*h + 166. Is ((-6)/(-12))/(h/22332) composite?
False
Let y(f) = -560*f**3 + f**2 - 8*f + 12. Suppose -3*p - 9 = -o, 0 = 4*p + 8. Let z be y(o). Is z/(-12) + -3*3/(-12) prime?
False
Let u(r) = 1757*r + 1384. Is u(7) prime?
False
Let w(i) = -i**3 - 85*i**2 + 463*i + 81. Is w(-92) a prime number?
False
Let a = -27 + 29. Let i = a - 2. Suppose 6*d - 1616 - 1306 = i. Is d prime?
True
Suppose -101 = 5*n - 26. Let d = 25 + n. Is 6/d - 35794/(-110) prime?
False
Let y(k) = 254*k - 21. Let a(p) = 4*p**2 + 2*p - 1. Let c be a(1). Is y(c) composite?
False
Let l be (0*6/12)/(-3). Suppose l = 2*q - 396 - 4186. Is q a prime number?
False
Let p(g) = g**2 + 21*g - 68. Let d be p(-24). Suppose 5*m - 5*u = -0*u + 32235, -d*m + 25800 = 2*u. Is m prime?
True
Let x(u) = 1221*u**2 - 5*u - 623. Is x(21) a composite number?
True
Let n = 110 - 90. Let a(f) = 18*f**2 - 13*f - 209. Is a(n) a prime number?
False
Let t(j) = -215*j - 62. Let r be t(-6). Suppose r = -y + 5*y. Is y prime?
True
Suppose 285 = -16*o + 13*o - 3*t, -5*o - 479 = 3*t. Let f = o + 87. Let l(j) = 2*j**2 - 2*j + 45. Is l(f) a prime number?
False
Suppose 5*m + 699982 = 4*d + 7*m, -m = 3*d - 524989. Suppose d = 27*l - 10*l. Is l prime?
False
Suppose 434*n - 431*n = 2427. Is n prime?
True
Let l(r) = -r**2 - r + 6. Let v be l(0). Let w(f) = 26*f - v*f + 252*f**2 - 15*f + 9. Is w(-2) a composite number?
True
Let m(j) = -413*j - 105. Let f(u) = 414*u + 104. Let v(z) = 4*f(z) + 3*m(z). Is v(10) a prime number?
True
Suppose 37*l = -26 + 137. Let g(r) = 5534*r + 139. Is g(l) a prime number?
True
Suppose -2*s + 2723 = z, 6*s = 4*s + 3*z + 2719. Is s prime?
True
Let d(g) = -44*g**3 + 3*g**2 - 3*g - 36. Let c be d(-10). Is ((-16)/(-32))/(1/c) a prime number?
True
Let h(t) be the first derivative of 598*t**3/3 + 3*t**2 + 6*t + 63. Is h(-2) composite?
True
Suppose 2*o = -0*o + d + 15, 4*o = d + 27. Let f be (-2)/o + 10780/3 + 4. Suppose -4*b + f = 1249. Is b a prime number?
True
Suppose 1548931 = 16*u + 17*u - 10799108. Is u a composite number?
True
Let x(j) = -7429*j + 811. Is x(-12) composite?
False
Suppose 2*h = -4*n + 29 - 3, 0 = 3*h + 5*n - 35. Let r be -3 + h + (-9)/(-3). Suppose -11761 = -2*q + d, -r*q + 2*d + 29392 = 3*d. Is q a composite number?
False
Suppose 0 = -42*l + 999893 + 486613. Is l prime?
True
Let g = 50 - 50. Let o(x) = x**2 + 4*x + 1799. Is o(g) composite?
True
Is -4727*16/(-5) + (-45)/(-75) prime?
False
Let n = -194486 - -324768. Is n prime?
False
Let t = -2305 + 4848. Is t prime?
True
Suppose 3575475 = 20*x + 283043 + 426732. Is x a prime number?
False
Let y(z) = 8 + 24 + 39 + 31*z. Let l(g) = -342*g + 2418. Let b be l(7). Is y(b) composite?
True
Let o(k) = 9*k**2 - 3*k + 4. Let b be o(-6). Let w = -2327 + 2418. Let l = b + w. Is l a prime number?
False
Let f(b) = -b**3 + 12*b**2 + 110*b + 230. Is f(-37) a prime number?
True
Suppose -4*f = -13 - 19. Is (6147 - -1) + (f - 1) prime?
False
Let c = -5 - -11. Suppose -4*n + y + 2 = 4, 3*n - 3*y = -c. Suppose 7635 = -n*a + 5*a. Is a prime?
False
Let y be 3/12 + 36129/12. Suppose 4*b + y = 17523. Suppose -10*d = -b - 14722. Is d composite?
True
Suppose 20*q - 323133 = -24*q + 10952351. Is q a prime number?
False
Let r = 255742 - 136209. Is r prime?
True
Suppose 3*g + 0*s - 4*s = 0, -3*g + s = -9. Suppose -12 = -5*j + g*c, j = -c - 0*c - 3. Suppose j = -q - 37 + 392. Is q composite?
True
Let g(t) = -3445*t + 7158. Is g(-61) a prime number?
False
Let v(u) = -7*u**3 + 32*u**2 - 55*u - 379. Is v(-29) prime?
True
Is ((9 - 8) + -2)/(3/(-90177)) a composite number?
False
Suppose -12*y + 5408851 = 14*y - 1378683. Is y a composite number?
False
Let k = 142524 - 72235. Is k composite?
False
Let r be (320/(-6))/8*-1*3. Suppose 5*j + 34890 = r*j. Is j composite?
True
Suppose 0 = 2*i + q - 137041, -113*q - 205567 = -3*i - 109*q. Is i composite?
False
Suppose -2*k + 3*p = 11543, -p + 28382 = -4*k + 5281. Let w = 11531 + k. Is w a prime number?
False
Let w be 3 - (6/9 - -2)*-9. Suppose 32*l = w*l + 1055. Is l a prime number?
True
Suppose -3*b = -7 - 53. Suppose -14*z = -9*z - b. Suppose -z*g + 770 = -5*n + 2819, -n - g + 408 = 0. Is n a prime number?
True
Is 32/24 + (-4)/12*-245117 composite?
False
Suppose t + 24*y - 19*y - 58626 = 0, 0 = 2*t - y - 117197. Is t a prime number?
True
Let s(x) = x**2 - 28*x + 4. Let l be s(28). Is (10*(-1)/l)/((-1)/1874) composite?
True
Suppose -4*w + 110 = u - 9*w, 4*w = u - 106. Is ((-33420)/u)/(4/(-6)) composite?
False
Let w(x) = -x**3 + 39*x**2 - 25*x - 165. Let z be w(27). Let u = 1 + 23. Suppose 12*c + z = u*c. Is c composite?
False
Suppose 578*g = 583*g - 48910. Let q = 2999 + g. Is q a prime number?
True
Suppose -98*v + 102*v = 12252. Is 490/(-196)*(1/1 - v) composite?
True
Let g = 603682 + -390593. Is g prime?
False
Suppose -36869 = -78*o + 75*o + 17812. Is o a prime number?
False
Let j = 50902 - 28569. Is j a composite number?
True
Let i(s) = 4*s**3 + 3*s**2 - 23*s - 25. Let j be i(-12). Let h = j + 13226. Is h prime?
True
Let z be (-28)/(-21)*6/4. Suppose z*n - 4429 + 327 = 0. Suppose -r - 3*w = -n, -2*r + 4070 = -5*w + 3*w. Is r prime?
True
Suppose -2*x = 3 + 5. Let h(j) = 8*j**2 + 3*j + 1. Let f(q) = 15*q**2 + 7*q + 2. Let k(v) = -2*f(v) + 5*h(v). Is k(x) a composite number?
False
Let s(c) = -5*c + 2 - c**2 + 2*c**2 - 2*c + 23. Let l be s(11). Suppose -67*z - 314 = -l*z. Is z a prime number?
True
Suppose -6*r = -2*r + 5*v - 69897, 5*v = 25. Suppose -437*q + r = -433*q. Is q prime?
False
Suppose 20 = -4*z, 5*z + 7 + 20 = v. Is (-4652)/8*(-3 - (-3 + v)) prime?
True
Suppose 5*f = -2*x - 19, -9 = -2*x + f + 2. Suppose 3*s = 5*o - 2*o + 501, 0 = o + x*s + 179. Let g = o + 565. Is g a prime number?
False
Suppose 0*t + 0*t = 2*t. Suppose -5*m + 269 + 6726 = t. Is m prime?
True
Let z be (48/9 - 0)*(-61608)/(-32). Suppose -3*f + 10381 = -z. Is f a prime number?
True
Suppose d - 3 = -g, -3 + 8 = d. Let z(i) = -1096*i + 5. Let b(h) = 2193*h - 11. Let k(c) = 6*b(c) + 13*z(c). Is k(g) prime?
True
Suppose -8 = -4*r, 4*z - 19*r + 15*r - 728 = 0. Suppose 32*q - z = 24*q. Is q prime?
True
Let h be (((-4428)/(-15))/9)/((-2)/5). Let b = h - -755. Is b prime?
True
Suppose 1 = 2*b - 5. Suppose 8*t = b*t + z + 3156, -1261 = -2*t - z. Is t a composite number?
False
Let l = 0 + 0. Suppose -61*q = -10*q + 51. Is q/(l + (-4)/1172) prime?
True
Suppose 26*c = -661 - 145. Let n(d) = -d**3 - 28*d**2 - 30*d + 18. Is n(c) prime?
False
Suppose 0 = -4*l - 4*x + 20, l + 4*l - 5*x = -25. Let o(f) = f - 9. Let h be o(11). Suppose -8*g + h*g + 1986 = l. Is g a prime number?
True
Suppose 13*u - 2*o = 8*u + 62, 4*u + o - 60 = 0. Is (-153200)/(-112) - 12/u a prime number?
True
Let n = -4 - 4. Let r be (-12)/(-24)*n/(-2). Suppose -o + 2*c = -r*o + 113, 0 = c + 1. Is o a composite number?
True
Let w(r) = 8*r**2 - 217*r -